 l be (2/5)/((-2)/(-10)). Suppose -5*k - l*y + 488 = 0, -2*k + k + 4*y + 102 = 0. What are the prime factors of k?
2, 7
Let t(r) = -8*r + 6*r - r**3 - 51 - 7 - 16*r**2. What are the prime factors of t(-17)?
5, 53
Suppose -5*l + u = -7691, l - 4*l + 4621 = u. List the prime factors of l.
3, 19
Let p(g) = 9*g - 42. Let b be p(5). Suppose o = -4*c + 236, 0*c + 4*o - 190 = -b*c. List the prime factors of c.
2, 29
Suppose -802 = -j + 4*h, -5*j + 10*j - 4032 = -2*h. What are the prime factors of j?
2, 13, 31
Let h(p) be the first derivative of 3*p**2/2 + 28*p - 5. Let f be h(-12). Let x(z) = -z**3 - 6*z**2 + 12*z - 9. What are the prime factors of x(f)?
23
Suppose 7*d - 441 = 10892. List the prime factors of d.
1619
Suppose 2929 = 6*c - 983. List the prime factors of c.
2, 163
Suppose 3*y + 660 = -273. Let q = y + 477. List the prime factors of q.
2, 83
Let u(s) = -s**2 - 2*s + 1. Let p be u(3). Let a = -29 + 21. Let c = a - p. List the prime factors of c.
2, 3
Let v = 2759 + -1401. What are the prime factors of v?
2, 7, 97
Let t(y) = -19*y**2 + 21*y - 11. Let j(r) = 9*r**2 - 10*r + 5. Let v(f) = 13*j(f) + 6*t(f). What are the prime factors of v(4)?
31
Let t(d) = d**2 - 14*d + 8. Let p be t(14). Let g be 9*(-12)/p*-2. Suppose g = -5*a - 2*h + 139, 5*h = -a + 27. What are the prime factors of a?
2, 11
Let f(l) = 589*l**2 - 5*l + 2. List the prime factors of f(1).
2, 293
Let l be (-2)/((-5)/25*-5). What are the prime factors of (-1)/1 + 12 + (l - 0)?
3
Let i = 5 - 1. Suppose -q = -3*q + i, -4 = -x + 2*q. List the prime factors of x.
2
Suppose f = -m + 2*f + 254, 3*f - 750 = -3*m. Suppose 5*a - 4*o - 328 = -0*o, 2*o = -4*a + m. List the prime factors of a.
2
Let s(x) = 2*x**3 - 21*x**2 + 11*x - 14. Let g be s(15). What are the prime factors of (1 - g/(-28)) + (-8)/(-28)?
79
Let f(r) = r**2 + 16*r - 8. Let x be f(-18). Let t = x - -17. What are the prime factors of t?
3, 5
Let o be 3 - 8*36/(-8). Suppose 3*h - o + 9 = 0. List the prime factors of h.
2, 5
Let d(q) = -q**3 + 4*q**2 + 3. Let o be d(2). Suppose -907 + 38 = -o*x. What are the prime factors of x?
79
Suppose -5*v - 3*z = -5*z, 0 = 2*v + z - 9. Let h = v + 65. What are the prime factors of h?
67
Suppose s - 3 = 0, -3*s - 1398 = -4*x - 5*s. List the prime factors of x.
2, 3, 29
Suppose 0 = -9*b - 5*b + 1764. Suppose -184 = -2*w + b. List the prime factors of w.
5, 31
Suppose -2*w = -4, 5*n + 79 = w - 128. Let b = -6 - n. What are the prime factors of b?
5, 7
Suppose 0 = 4*b - 5*g - 1810, -5*g + 7*g - 896 = -2*b. List the prime factors of b.
2, 3, 5
List the prime factors of (3 + (-3 - -2))*(-13878)/(-36).
3, 257
Let q = 121 + 321. What are the prime factors of q?
2, 13, 17
Suppose 20*n = 17*n - 5*p + 11318, p = -5. What are the prime factors of n?
19, 199
Let z(c) = 11*c + 17. Let v(s) = 6*s + 9. Let o(w) = 5*v(w) - 3*z(w). Let i be o(-10). Suppose 2*a + 24 = 4*a - 3*l, 2*l = 2*a - i. List the prime factors of a.
2, 3
Suppose -4*o = -4*y + 64, 8 = 3*y - 4*o - 42. Suppose -y - 1 = -i. Let c = i - 7. List the prime factors of c.
2
Suppose -g - 4*f + 64 = 0, -4*g + 3*g = -4*f - 88. Suppose 3*z = g + 122. What are the prime factors of z?
2, 3, 11
Let y be 22/((-4)/(1 - -1)). Let r = y + 15. What are the prime factors of 27 + 0 - (r + -2)?
5
Suppose c = -5*g + 11419, 3*c - 11427 = -10*g + 5*g. What are the prime factors of g?
3, 761
Let k(f) = -54*f**3 - 2*f**2 - 3*f - 1. Let d be k(-1). Suppose 3*y + 0*b = 4*b + d, -5*b = -y + 29. List the prime factors of y.
2, 7
Suppose 17*i = -2014 - 332. List the prime factors of i/(-115)*10/3.
2
Let f be (2 + -9)*(-10)/7. Suppose -f = 2*j - 3*j - 4*w, -j = 5*w - 10. What are the prime factors of j?
2, 5
Let h(g) = -g**2 + 41*g + 32. List the prime factors of h(21).
2, 113
Suppose -5*j + 697 = 2*n + 2*n, 0 = -2*n - 5*j + 341. Suppose -90*z + 88*z = -n. What are the prime factors of z?
89
Let g be 56/10 - 2/(-5). Suppose 3*r - g + 0 = 0. Suppose 2*a - 48 = 4*z - r*z, 5*z = 2*a - 42. What are the prime factors of a?
2, 13
Let x(y) = y**2 - 2*y - 2. Let b be x(3). What are the prime factors of (-7 - -125)*(b - 0)?
2, 59
Suppose 0 = -39*r + 33*r + 126. What are the prime factors of r?
3, 7
Let p = 25 - 1. Let j be (6/7)/(p/112). Suppose -k - t + 66 = -j*t, -242 = -4*k + t. What are the prime factors of k?
2, 3, 5
Let r(k) = -k + 20 - 6 + 10. Let l(d) = -d**2 - 29*d - 108. Let o be l(-24). What are the prime factors of r(o)?
2, 3
Let q(f) = -11*f + 3. Let m(n) = -n**2 + 4*n - 18. Let d be m(0). List the prime factors of q(d).
3, 67
Let p = 7 - 5. Suppose x - 4 = -p. Suppose x*c - 2*d = 23 - 7, 18 = 3*c - 5*d. What are the prime factors of c?
11
Suppose 3*h - l = 245, 3*h + l = 110 + 125. List the prime factors of h.
2, 5
Let j(t) = 4*t - 5. Suppose 14 - 20 = -g. What are the prime factors of j(g)?
19
Suppose -6*u = -15 + 9. List the prime factors of (1 - -3)*(93/6 - u).
2, 29
List the prime factors of ((-18)/7)/(69/(-21896)).
2, 3, 17
Let m = -17 + 39. List the prime factors of m.
2, 11
Let x = 688 - -532. List the prime factors of x.
2, 5, 61
Let o(h) = -3*h - 70 + 25 + h + 35 + h**2. Let v = 19 - 12. List the prime factors of o(v).
5
Suppose 4*j - 5*i + 225 = -312, 5*j + 4*i + 620 = 0. Let t = j - -217. Suppose -1 = -3*y + t. What are the prime factors of y?
2, 3, 5
Let u(p) = 76*p**3 + 6*p**2 + 24*p - 112. List the prime factors of u(4).
2, 3, 103
Let i be 1/1 - (-4 - -1). Suppose 0 = 5*l + h + 48, 5*l + 20 = -i*h - 22. Let f = 20 + l. List the prime factors of f.
2, 5
Let c(v) = -22*v - 5. Let b be (-4)/(-24)*9*-6. List the prime factors of c(b).
193
Suppose 0 = o - 2*j - 512 - 863, -2*o + 2750 = -5*j. What are the prime factors of o?
5, 11
Let u(t) = -3*t**2 - 3*t - 31. Let o(f) = 4*f**2 + 4*f + 30. Let g(p) = -4*o(p) - 5*u(p). What are the prime factors of g(0)?
5, 7
Suppose -11*f + 9898 - 1098 = 0. List the prime factors of f.
2, 5
Suppose -54 = q - 19. Suppose -4*n = -l + 37 + 26, 0 = l - 3*n - 61. Let v = l + q. List the prime factors of v.
2, 5
Suppose 0 = 12*r - 8758 + 2482. List the prime factors of r.
523
Let n(j) = -2*j**3 + 2*j**2 + j. Let i be n(-1). Suppose -i*u + 7 = 2*x - 6, 2*u = 6. Suppose f + x*f - 30 = 0. What are the prime factors of f?
2, 5
Suppose 0 = -8*j + 19318 - 926. List the prime factors of j.
11, 19
Let w = 32 - 2. List the prime factors of 1/5 - (-2844)/w.
5, 19
Let h = -127 - -805. What are the prime factors of h?
2, 3, 113
Let h(d) = -47*d**3 + 7*d**2 + 3*d + 6. List the prime factors of h(-2).
2, 101
Let j = 1 - -3. Let b(n) = 2*n**3 - 8*n**2 + 8*n + 5. Let s(x) = 5*x**3 - 15*x**2 + 15*x + 9. Let r(f) = j*s(f) - 7*b(f). List the prime factors of r(2).
41
Let p(r) = 61*r**2 + 2*r - 5. Let q be p(3). Suppose -3*a + q = 4*k - a, 440 = 3*k - 4*a. List the prime factors of k.
2, 5, 7
Let f(n) = -n**3 - 9*n**2 + 8*n - 13. Suppose 3*x - 10 = 4*x. Let b be f(x). Suppose -u + b = -1. List the prime factors of u.
2
Let u(q) = -17*q + 16 - 18*q + 20*q. What are the prime factors of u(-5)?
7, 13
Let x(h) = 16*h**2 + 14*h + 9. List the prime factors of x(-3).
3, 37
Let j(v) = -v**2 - 13*v + 20. Let d be j(-14). Suppose d*m - 3*m = 81. Suppose 22*p = m*p - 200. List the prime factors of p.
2, 5
List the prime factors of (-10 - 217/3)*-18.
2, 3, 13, 19
Let w(c) = -c**3 + 19*c**2 + 13*c - 41. What are the prime factors of w(19)?
2, 103
Let m be 167 + 7/(7/(-2)). Let h = 105 - m. List the prime factors of (-6)/(-10)*h/(-4).
3
Suppose -159 = 5*t + 176. Suppose 0 = 34*p - 39*p - 565. Let w = t - p. What are the prime factors of w?
2, 23
Let d be (-4)/14 + 102298/(-49). What are the prime factors of ((-5)/(-3))/(-4*6/d)?
5, 29
Let w be ((5 - 2) + -11)/(-2). Suppose 50 = w*b - 3*b - y, -25 = 5*y. What are the prime factors of b?
3, 5
Suppose 0 = -7*w + 69 - 6. Suppose 16 - w = t. Suppose 51 - t = 4*b. List the prime factors of b.
11
Let a(g) = -g**2 + 11*g + 6. Let v be a(12). Let u = 61 + v. What are the prime factors of u?
5, 11
Let p = -500 - -876. Let v = p + -233. List the prime factors of v.
11, 13
Let l(s) = -s**3 - 22*s**2 - 52*s - 27. Let x be l(-19). Suppose 0 = -0*u + 4*u + 5*a + 287, -4*a = 12. Let v = u - x. List the prime factors of v.
2, 3
Suppose -41*s + 45*s - 1992 = 0. Suppose 4*l + 4*k = 392, 5*l = -4*k + k + s. What are the pr